te?
False
Suppose 53 = -5*t - 7. Is 3/18 - 370/t a composite number?
False
Let y(l) = 2*l - 4*l - 3*l - 1. Let q be y(1). Is (111/q)/((-2)/4) a composite number?
False
Suppose -45 = -4*f - f. Is f*4/12 + 532 prime?
False
Suppose -6 = -3*q - a, q - a - 1 - 5 = 0. Suppose -122 = -q*c + 4. Suppose -u + 4*u - c = 0. Is u composite?
True
Suppose 5*m - 3157 = 2*q, 0 = -m - 5*q + 587 + 39. Is m a prime number?
True
Suppose -29 = 4*d + 43. Let c = -9 - d. Is c a composite number?
True
Suppose 3556 = 195*x - 191*x. Is x prime?
False
Let s = -4 - -3. Let y be (s/(-2))/((-3)/(-12)). Suppose -y*c - 6 = -36. Is c a composite number?
True
Suppose k + 2*o = 1451 + 126, -4*o + 7861 = 5*k. Is k a composite number?
True
Let w = 20 + -14. Let t(o) = -4*o - 10. Let h be t(-3). Suppose h*f - w*f + 308 = 0. Is f composite?
True
Let r(d) = d**2 - d - 42. Suppose 5*q - 10 = -4*l - 2, 0 = 5*l - 10. Let c be r(q). Let w = 16 - c. Is w composite?
True
Let k = 125 + -38. Is k a composite number?
True
Let o(l) be the first derivative of l**7/840 - l**6/120 - l**4/8 - 2*l**3/3 + 1. Let f(b) be the third derivative of o(b). Is f(4) composite?
False
Let w = -6 + -1. Is (-1959)/(-21) - (-2)/w composite?
True
Let i(p) = -p**2 - 11*p + 4. Let o be i(-11). Let b(f) = f - 3. Let m be b(o). Is 107/2 - m/2 composite?
False
Let v(s) = 10*s**2 - 5*s - 4. Let b be v(4). Suppose -3*u + b = u + 4*d, 2*u + d = 71. Is u a composite number?
False
Is (-2)/(-6) - 17216/(-48) a prime number?
True
Let n(x) = -x**2 - 8*x - 4. Let w be n(-7). Suppose 81 + 2271 = -w*z. Is z/(-10) - 15/(-25) prime?
True
Suppose 3*o = -572 + 1745. Is o a composite number?
True
Let g(j) = -j - 2. Let i be (3/4)/(4/(-32)). Let a be g(i). Suppose 3 = a*s - 49. Is s a composite number?
False
Let r = -282 - -1035. Is r a composite number?
True
Let z = -3 - -5. Suppose b - 2 = 3, 3*b + 211 = z*j. Is j prime?
True
Suppose -9*r = -4*r - 150. Is 5739/18 + 5/r composite?
True
Suppose -12*s + 15078 + 4398 = 0. Is s prime?
False
Let o be 0*(-1)/(-2) - -32. Let h be (o/(-10))/(10/(-275)). Let i = -19 + h. Is i a composite number?
True
Let r be 2/8 + (-9)/(-12). Let d(v) = 2*v + 10. Let c be d(8). Is c/4*(r + 1) composite?
False
Let m be 4/(-14) + (-1564)/14. Let i = m + 189. Is i prime?
False
Let h be ((-18)/(-21))/((-3)/(-14)). Is 389/h - (-5)/(-20) a prime number?
True
Let r(k) = 758*k + 19. Is r(5) prime?
False
Suppose -u = 4*u - 1855. Is u a prime number?
False
Let o be (-2)/(-13) + (-424)/52. Let m(i) = 27*i + 5. Let j(h) = 135*h + 25. Let g(c) = 2*j(c) - 11*m(c). Is g(o) prime?
True
Let y be 1 - ((3 - 1) + -3). Suppose 1 + 19 = y*a. Is a a prime number?
False
Let r(l) = -4*l**3 - 2*l - 1. Let j = -6 - -5. Let z be r(j). Suppose z*v + 28 = 7*v. Is v prime?
False
Let r(k) = -7*k**3 - 2*k**2. Let d be r(-5). Let h = d + -406. Is h a prime number?
True
Let t = -2 + 7. Suppose t*b + 605 = 3190. Is b a composite number?
True
Suppose 0 = 4*w - 10 - 6. Suppose 6*c + 3*s = w*c, -4*c + 44 = -5*s. Suppose -m - j + 33 = 0, -2*m - c*j + 62 = -2*j. Is m a prime number?
False
Let l be (-507)/(((-3)/(-2))/(-1)). Suppose 5*r - r - 107 = -p, 3*p - 5*r - l = 0. Is p composite?
True
Let g = 3228 - 1871. Is g a prime number?
False
Let t be (3 + -6)*(-489)/(-9). Let s = t - -290. Is s composite?
False
Let l(f) be the third derivative of 7*f**5/60 - 3*f**4/8 - f**3/3 + 10*f**2. Is l(7) prime?
False
Suppose 0 = -2*p - 4*p + 24. Suppose -4*n + 0*n = -b + 105, 382 = p*b + 3*n. Is b a prime number?
True
Suppose 2*x + 2 = -3*k, -3*x - 3 = 3*k + 2*k. Suppose -w - l = -70, -2*l = 5*w - k*w - 341. Is w a prime number?
True
Suppose 0 = -4*z - 3*u + 14 + 14, 0 = -3*u + 12. Let o(s) be the first derivative of 31*s**2/2 + 3*s + 7. Is o(z) a composite number?
False
Suppose 0 = -5*j + 3*b + 4009, 3*j + 3*b - 2515 = -100. Is j composite?
True
Suppose 3*w - l - 52 = 0, 5 = 5*w - l - 83. Is ((-8)/6)/((-4)/w) composite?
True
Let z(i) be the third derivative of i**6/120 - i**5/12 + 7*i**4/24 - i**3 - 2*i**2. Is z(7) a prime number?
False
Let p(z) = -21*z - 41. Is p(-12) composite?
False
Let n(r) = -2*r**3 - 3*r**2 + 4. Suppose l + 2*a = -1, -3*a = l + 4*l + 12. Is n(l) prime?
True
Let l be 11305/25 + 1/(-5). Let c = -249 + l. Is c prime?
False
Is 1/(-6) - 187/(-6) prime?
True
Suppose r = -3*r + 508. Is r a prime number?
True
Let v(d) = -d**3 - 3*d**2 + 2. Let i be v(-3). Suppose -i*o + 39 = -3. Is o prime?
False
Let c(h) = -h**3 + 2*h**2 - 1. Let t be c(-4). Suppose -k - 4*k = -l - t, -19 = -k - 2*l. Is k a prime number?
True
Let j(t) = t**3 - 2*t**2 + 6*t - 3. Is j(4) a prime number?
True
Let j(u) = 14*u**3 + 2*u**2 + 3. Let o = -15 - -17. Is j(o) composite?
True
Suppose 3*l + 1 - 7 = 0. Suppose -s - k = -88, -l*s + 0*s + 5*k = -197. Is s a composite number?
True
Suppose 3*a + 163 = 34. Let i = -24 - a. Is i composite?
False
Let r(x) = x**3 - 3*x**2 - x + 11. Is r(14) composite?
False
Suppose -16*l + 14*l = -62. Is l a prime number?
True
Let d(i) = 2*i**3 - 2*i**2 - 3*i + 5. Is d(4) composite?
False
Suppose -5*n = 0, -4*k + 3*n + 1227 = -k. Is k a composite number?
False
Suppose -12724 = 3*o - 2815. Is (1/3)/((-3)/o) prime?
True
Let n(c) = -3*c**3 + c**2 + 7*c + 6. Let y be n(-5). Suppose -2*b + 9*b = y. Is b a composite number?
False
Suppose 14*p - 7959 = -2121. Is p composite?
True
Let i = 0 + 2. Let d be ((i - 4) + 3)/(-1). Let t(h) = -38*h. Is t(d) a composite number?
True
Let j(b) be the third derivative of -b**4/3 - b**3/6 - 8*b**2. Let o = -4 + 0. Is j(o) composite?
False
Suppose q - 4 = -4*m + 2*m, 3*m = -q + 3. Suppose -z = z + q. Is 35 + 2 - (5 + z) a prime number?
False
Suppose -2*o - h = -3*h - 10, 5*h = -2*o - 11. Let z(m) = m**3 - 7*m**2 + 2*m + 5. Let g be z(4). Is (g - 2)/((-1)/o) prime?
False
Suppose -4*y - 3*d - 15 = 8, 2*y + 4*d + 14 = 0. Let t(b) = 5*b**2 + 4*b + 10. Is t(y) composite?
True
Let m = -3 + 3. Suppose 3*g + 0*g - 15 = m. Suppose -129 = -g*l + 46. Is l a composite number?
True
Let w(f) = -921*f - 1. Is w(-2) prime?
False
Let m = 436 + -225. Is m a composite number?
False
Suppose 6*a + 32 = 2*a. Is ((-2)/2)/(a/2120) composite?
True
Let o = 285 + -128. Is o a composite number?
False
Let k(s) = -118*s + 4. Let r be k(3). Let w = r - -613. Is w composite?
False
Let t(i) = 15*i - 17. Is t(5) composite?
True
Is ((-4)/(-10))/(4/260) prime?
False
Let j(v) = 72*v**2 - 25*v + 3. Is j(4) prime?
False
Suppose -3*v - 4*a + 1237 = 0, 3*v - 3*a - 1691 = -v. Is v prime?
True
Let w(c) = c - 63. Let g be w(0). Let l = 123 + g. Suppose 3*h = -h + l. Is h composite?
True
Let b(z) = -13*z - 12*z - 7*z - 3 + 2. Let j be b(-2). Suppose -d + j = 2*d. Is d prime?
False
Suppose 6 = -5*q + 3*k + 2, 2*k = 2*q. Is 5 + -5 - 138/q prime?
False
Suppose 0 = -2*j - 2*j - 2*w + 576, 3*j = 3*w + 441. Is j a composite number?
True
Suppose 2235 = -26*y + 31*y. Is y composite?
True
Let y(d) = -3 - 15*d + 3 - 17*d - 1. Is y(-6) a prime number?
True
Let q = -7 + 13. Is q a prime number?
False
Let h(i) = 98*i - 5. Is h(5) a prime number?
False
Let x be 3/(-3*(-1)/2). Suppose -4*r + x*z + z + 4 = 0, r + 8 = 3*z. Suppose r*v - 12 = 124. Is v composite?
True
Let a(i) = -3*i**3 - 4*i**2 + 4*i - 4. Let j(z) = -z - 1. Let l be j(4). Is a(l) a prime number?
True
Let z = 1530 + -2303. Suppose -4*y + 8172 = 2868. Let o = z + y. Is o a prime number?
False
Suppose 0 = -3*j + h - 220, 2*h - 75 = 2*j - j. Let z = j + 152. Is z prime?
True
Let z = 13 - 10. Let f = -1 + 5. Suppose z*v - 9 = -j, f*j - 71 = -5*v - 7. Is j composite?
True
Suppose 0*o + 5*o + m = 5576, -4464 = -4*o - 4*m. Suppose -o = -5*t - 0*t. Is t prime?
True
Suppose -3*b = 4*p - 209, 0 = -b - 0*b - 3*p + 68. Is b prime?
True
Let r be -3 - ((-30)/1 - 4). Let y = 28 + r. Is y prime?
True
Is 30/12*134/5 a composite number?
False
Suppose 2 + 2 = 2*i. Let b(h) = -2*h - 3 + i*h**2 + 4*h**2 + 3*h**2. Is b(-2) a composite number?
False
Let o be (5/(-2) + 2)*0. Suppose 4*a - 3*a - 7 = o. Is a prime?
True
Let s = -105 + 200. Is s a composite number?
True
Suppose 0 = -a - 3 + 34. Is a a composite number?
False
Let t(q) = -q**3 + 3*q + 3. Let u(i) = -i**3 + 8*i**2 + i - 11. Let l be u(8). Is t(l) a composite number?
True
Suppose 43*y - 36*y = 1477. Is y a prime number?
True
Let v(z) = z**3 + 5*z**2 + 4*z + 2. Let w be v(-7). 